**2 - 6*a - 13. Let g be x(8). Suppose g*r + 3 = 0, -2*r + 120 = 2*o - 4*r. Calculate the greatest common factor of 295 and o.
59
Let i be ((-5)/(-5))/(1/(-3)). Let h be (2/i)/((-14)/(-147)). Let q be 12/h*42/(-4). What is the highest common factor of 45 and q?
9
Let h(v) = v**2 + 26*v - 14. Suppose -18*w = -3*w + 405. Let p be h(w). Calculate the greatest common factor of 858 and p.
13
Suppose 8*o = -3*o - 0*o + 4070. Calculate the highest common divisor of o and 2886.
74
Let q = -588 + 1015. Let i = q - 373. Calculate the highest common divisor of 486 and i.
54
Let x be (16/(-7))/((-141)/1974). Calculate the highest common divisor of 118 and x.
2
Let d(x) = -20*x - 13. Let n = 27 - 29. Let h be d(n). Suppose -207 + 1437 = 5*o - 3*s, -3*s = -4*o + 987. Calculate the greatest common factor of o and h.
27
Suppose -2*r + 2*c - 5 = -3, 3*c = -12. Let g be (34/6 + r)*1863/18. What is the highest common divisor of g and 184?
23
Let r = -12 - -16. Suppose 0 = -10*u + 13*u - 99. Suppose -9 = 6*p - u. Calculate the greatest common divisor of r and p.
4
Let x = 5627 - 5497. What is the highest common factor of x and 120?
10
Let o be (39 + -3)/((-4)/(-99)). What is the greatest common factor of 11 and o?
11
Suppose 56 = 3*u + 80. Let p be (u + 5)/((-147)/(-50) + -3). Calculate the greatest common divisor of 10 and p.
10
Let l(w) = -7*w**2 + 11*w - 1. Let x be l(9). Let p = x - -869. Suppose p = -2*t + 10*t. Calculate the highest common factor of t and 10.
10
Let p be (42/9 + 0)*6/4. Suppose 2*v + g - 107 = 0, p*v - 266 = 2*v - 4*g. Suppose 5*d = 6 + v. What is the greatest common divisor of d and 8?
4
Suppose 3*v = -2*i - 114, 4*v - 2*i = -111 - 41. Let c = v + 66. Calculate the highest common divisor of 42 and c.
14
Let i be (-2 - -1)/((-1)/36). Let l be (-237820)/(-736) - (-7)/8. What is the greatest common divisor of l and i?
36
Let x be 1*28/(-42) - 29/(-3). What is the greatest common factor of x and 729?
9
Suppose 2*p - 6*p + 68 = 0. Suppose 0 = 16*u - p*u + 16. Suppose 3*x + 6*k - 5 = 4*k, 2*k + u = 4*x. Calculate the highest common divisor of 3 and x.
3
Let y be (-6)/(-21) - (-4447)/(-7). Let x = -505 - y. Calculate the highest common divisor of x and 13.
13
Let n be -11 + 56/8 - -2. Let y be (31/3)/(n/(-12)). Let k be (-311)/(-2) - 1/2. What is the highest common divisor of k and y?
31
Suppose 238 = 9*h + 8*h. Let k be 498/h + (3 - (-18)/(-7)). Calculate the highest common divisor of k and 54.
18
Let o(r) = -577*r - 11099. Let j be o(-71). Calculate the greatest common divisor of 456 and j.
228
Let p(i) = 5*i**2 - 23*i + 12. Let z be p(4). Let g be (0 - z)/(-2) + 58 + -2. Calculate the highest common divisor of g and 40.
8
Let w be -5*6/(-15) - -3. Suppose 274 = 2*m + 2*d + 2*d, 0 = 5*m + 2*d - 717. Calculate the highest common divisor of w and m.
5
Let o = -24 - -23. Let a be (o - -34) + (-4 - 0). Let p(v) = -28*v**3 + 2*v**2 + v. Let t be p(-1). Calculate the greatest common factor of a and t.
29
Let y be 3*(-9)/(162/(-750)). Calculate the highest common factor of y and 11125.
125
Suppose -769 = 176*q - 93169. What is the highest common divisor of q and 200?
25
Suppose -5 = -4*g - 1. Let b be (-6048)/(-196) + 10/70. What is the highest common divisor of b and g?
1
Suppose 0 = 7*m - 73 - 60. Suppose -m*l = 3*l - 770. What is the highest common factor of l and 77?
7
Let o be -1*4/2*-2. Let u = -661 - -665. Suppose -2*q - 108 = -o*q - u*t, t = 4. Calculate the greatest common divisor of 230 and q.
46
Let o = 17377 - 17117. Let z(q) = 3*q**2 + 1. Let k be z(-2). What is the highest common factor of k and o?
13
Suppose 2*w + 39720 = 5*w - 10*d, -3*d = 5*w - 66141. Calculate the greatest common factor of w and 54.
54
Let s = 130 + -34. Let p = s - 16. What is the greatest common factor of 48 and p?
16
Let c(p) = -14*p - 65. Let n be c(-8). Let h = n + -11. Calculate the greatest common factor of 126 and h.
18
Let x(t) = 2*t**2 - 8*t - 6. Let s be 6/3 - 1 - (-24)/(-4). Let r be x(s). Calculate the greatest common divisor of 24 and r.
12
Let h = 12 + -10. Let p(i) = 2*i - 18. Let q(c) = c**2 - 8*c + 72. Let a(r) = h*q(r) + 9*p(r). Let t be a(5). Calculate the greatest common factor of t and 7.
7
Suppose 5*x = -4*o + 53, -4*o + 2*x + 62 = -12. Suppose 6*f - 888 = -174. What is the greatest common factor of o and f?
17
Let m(b) = 137*b**2 + 47*b - 46. Let d be 3*(39/9 + -4). Let v be m(d). What is the greatest common divisor of 46 and v?
46
Let s be 5/(-3)*(-166 + -797). What is the greatest common divisor of 20 and s?
5
Let p = 123 - 176. Let j = p - -530. What is the greatest common factor of j and 9?
9
Let s(z) = -24*z - 60. Let y be s(-15). Let r = y + -277. What is the highest common divisor of r and 368?
23
Let w = 344 + -342. Suppose -2*f + w*c + 58 = 0, -86 - 28 = -4*f + 2*c. Calculate the highest common factor of f and 476.
28
Let s(c) = -2*c**3 - 3*c - 2. Let l be s(-2). Suppose -8*j + 2000 = 2*j. What is the highest common factor of j and l?
20
Let p = 227 + -224. Suppose -56 = -4*o - 5*l - 10, 32 = p*o + 5*l. Calculate the greatest common factor of 63 and o.
7
Suppose 3*z = 4*i - 36, -i - 4*z - 2 + 30 = 0. Suppose -v - i = -5*v. Suppose -14 + 47 = v*c. What is the greatest common factor of c and 77?
11
Let a = 1677 - 1615. Calculate the highest common divisor of 403 and a.
31
Suppose 4*l + 2 = 3*b - 41, -4*b + 52 = -4*l. Suppose 6*f = -f + 21. Suppose 84 = 5*n + f*k, -23 + 3 = -n + k. Calculate the greatest common divisor of b and n.
9
Suppose -7*h = 3718 + 2337. Let n = h + 484. Let l be n/(-6) + 6/(-12). Calculate the highest common factor of l and 7.
7
Let o = -4927 - -9107. Calculate the highest common factor of o and 38.
38
Let v be (110/11 + -12)/((-6)/39). Suppose 5*i - 518 = 2. What is the highest common divisor of v and i?
13
Let f(p) = 22*p**3 + 9*p**2 - 38*p + 112. Let y be f(4). What is the highest common divisor of 81 and y?
27
Let q(x) = -23*x**3 + x**2 + 3*x + 5. Let w be q(-2). Let l = -136 + 147. What is the highest common factor of w and l?
11
Let i = -7350 + 8900. Calculate the highest common divisor of i and 70.
10
Let g be 10935/70 + 69/(-322). Let c = 37 + 2. What is the greatest common divisor of c and g?
39
Suppose 227*m - 232*m - 3*z = -53, -m - 5 = -2*z. What is the greatest common divisor of 22183 and m?
7
Suppose 3*c = -3*r + 30, -c - 4*r = -r - 20. Suppose 0 = 3*z - 902 + c. Suppose -18*d + z = -5*d. What is the greatest common divisor of 161 and d?
23
Let r(a) = 472*a + 9971. Let y be r(-8). What is the highest common divisor of y and 630?
105
Let b = -206 - -216. Suppose -b*m + 330 = -8*m. Let t(x) = -4*x - 5. Let v be t(-5). Calculate the highest common divisor of v and m.
15
Suppose -2*h = -6*h - 40. Let x = 276 + -249. Let w = h + x. What is the greatest common factor of 34 and w?
17
Suppose 6 = -20*r + 6. Suppose -5*s + 0*n + 145 = -4*n, r = 5*s - n - 130. What is the highest common factor of 225 and s?
25
Let i(j) be the second derivative of j**4/4 - 13*j**3/6 + 7*j**2/2 + 88*j. Let l be i(4). Calculate the greatest common factor of 13 and l.
1
Let s = 6517 + 812. Calculate the highest common factor of s and 7.
7
Let n(i) = 139*i**2 + 151*i - 850. Let f be n(6). What is the greatest common divisor of f and 99?
11
Let s be 7628 + -9*32/144. Calculate the greatest common factor of s and 93.
93
Suppose -5*j = -k + 234, 2*k = -3*j + 399 + 43. Let b(g) = 382*g + 14580. Let m be b(-38). What is the greatest common factor of m and k?
32
Let x(s) = 1. Let f(t) be the first derivative of -44*t**2 - 8*t + 27. Let z(v) = f(v) + 2*x(v). Let m be z(-2). What is the greatest common factor of 68 and m?
34
Suppose 0 = 2*h + m - 108, -9*m + 8 = -5*m. What is the greatest common divisor of 2 and h?
1
Suppose 53 - 71 = -q. Suppose 12*d - q*d = -2208. Calculate the greatest common divisor of d and 46.
46
Suppose -4*k = 8, -k = -4*z - 5*k - 4. Calculate the greatest common divisor of z and 2003.
1
Let v be 33/((-1584)/2176)*-12. What is the highest common divisor of 1024 and v?
32
Let y = -339 + 379. Let v(b) = 5*b - 199. Let i be v(y). What is the greatest common divisor of i and 9?
1
Let f(p) = 8*p - 90. Let d be f(20). Let v be 7*20 - (-1 + 1). Suppose 0 = -5*b - 0*b + v. Calculate the greatest common divisor of b and